(-40))/(3/15). Let r = g + 12. Suppose -26 + r = -k + 5*x, 32 = 4*k + 4*x. What is the units digit of k?
0
Let n = 11 + 9. Let r(u) = -4*u. Let x be r(-1). What is the tens digit of x/n - 208/(-10)?
2
Let s = 7089 - 3926. What is the units digit of s?
3
Let l(z) = 2*z**2 + 10*z + 8. Let n be l(-6). Let s = 4 + -11. Let m = n + s. What is the tens digit of m?
1
Let y(k) = -11*k + 1. Let h be y(-4). Suppose 2*d - 7*d = -h. Suppose -d - 87 = -4*m. What is the units digit of m?
4
Let q(f) = f**2 + 21*f - 165. What is the tens digit of q(17)?
8
What is the thousands digit of (3 + -2)/((-3)/(-10743))?
3
Let o = -524 + 873. What is the units digit of o?
9
Suppose 13*n = 5*n + 11992. What is the tens digit of n?
9
Let r be -1*(1 + -2)*0. Suppose -5*c + c = -4*h, r = -4*c + 5*h. Suppose c*k - k = 0, 4*m + 3*k - 128 = 0. What is the units digit of m?
2
Let h = 17 - 17. Suppose 0 = i - 5*t - 5, -45 = -i - h*t - 3*t. Let z = i - 1. What is the units digit of z?
9
Suppose 13*h + 7*h = 32280. What is the units digit of h?
4
Suppose 2*m = -4*i + 2, 0 = 2*m - 3*i - 3 + 8. What is the units digit of (-6 - -4) + m - -7?
4
Suppose 834*u = 847*u - 29913. What is the hundreds digit of u?
3
Suppose -6*p = -0*p - 12. Suppose -p*h + 6 = 4*h. What is the units digit of h?
1
Let c(f) = 2*f**3 - 3*f**2 + 2*f. Let v be c(1). What is the units digit of v/8 + (-1875)/(-40)?
7
Suppose 0 = -4*i + k + 5, -4*i - 2*k + 11 = -k. Let j(d) = d**3 - 8*d**2 + 17*d - 10. Let z be j(7). Suppose 8*q - z = i*q. What is the units digit of q?
0
Let z be ((-16)/4 - -1) + 852. Let n = z + -508. What is the units digit of n?
1
Let h(g) be the second derivative of -1/2*g**2 + 0 - 1/4*g**4 + 1/10*g**5 - 2*g + 1/6*g**3. What is the units digit of h(3)?
9
What is the hundreds digit of (-7836)/(-14)*(-70)/(-15)?
6
Let h be (0 + 3)/(6/(-42)). What is the tens digit of (-198)/(-8) - h/(-28)?
2
Suppose 3*h = -3*q + 306, 120 = 3*q + h - 194. What is the hundreds digit of q?
1
Suppose -69*b = -62*b - 6398. What is the tens digit of b?
1
Let g = -32 + 77. Let p = g - 31. What is the tens digit of (7/p)/((-2)/(-88))?
2
Let q = 14 + -12. Let i be (14/28)/(q/92). Let c = i - 18. What is the units digit of c?
5
Let w(y) = -y**2 + 8*y - 4. Let g be 6*(-1 + 0) - 0. Let x = 11 + g. What is the tens digit of w(x)?
1
Let y(l) be the second derivative of 7*l**3/3 + l**2 - 10*l. Let g be y(2). What is the tens digit of (-1005)/g*2/(-1)?
6
Suppose -2*r = 4*n - 2, -2*r + 5*r = 2*n - 37. Let t(m) = m**3 + 8*m**2 - 10*m - 7. What is the units digit of t(r)?
2
Let w(s) = 9*s**2 + 1. Let o = 12 + -13. Let a be w(o). What is the units digit of 215/a - (-3)/(-2)?
0
Let p(a) be the third derivative of a**5/60 - 13*a**4/12 + 14*a**3/3 + 40*a**2. What is the units digit of p(29)?
5
Let j(b) = 3*b - 11. Let n be j(3). What is the tens digit of -2 + n + 221 - (-3 + -1)?
2
Let b be 3 + -1*4/(-2). Suppose -k - 3*k + 4*p + 20 = 0, b*p = -3*k - 1. Suppose 75 = 2*j + k*j. What is the tens digit of j?
1
Suppose -8 - 7 = -5*p. Suppose 4*u - p*u = 64. What is the units digit of u?
4
Suppose -374*h + 383*h = 20574. What is the hundreds digit of h?
2
Let y be (-3)/((-9)/2)*78. Suppose 4*g = -g + 5*v, 2*g = 5*v - 12. Suppose -5*z + y = 2*x, 0*x = -x - g*z + 20. What is the units digit of x?
6
Let x be 2*((-3)/(-2) - -1). Suppose a - h - 4 = 0, -2*h - 9 - x = -5*a. What is the units digit of a?
2
Let q be -4 + (-5 - 9*-2). What is the tens digit of ((-18)/q)/(1/(-149)*2)?
4
What is the hundreds digit of -804*18/(-27) + 3?
5
Suppose 2*z - 3 = -z, 4*x + 2*z - 2970 = 0. What is the hundreds digit of x?
7
Let y(s) = -9*s**3 + 8*s**2 - 33*s - 15. Let o(w) = -2*w**3 + 2*w**2 - 8*w - 4. Let p(n) = -26*o(n) + 6*y(n). What is the tens digit of p(-5)?
1
Let y(j) = -j**2 + 8*j - 8. Let g be y(6). Suppose 5*v - 2*o - 19 = -3, 5*v + 2*o = g. Let h(r) = 2*r**3 + 2*r**2 - 3*r + 2. What is the units digit of h(v)?
0
Let a(w) be the second derivative of -w**3/6 + w**2 + 9*w. Let c be a(4). What is the units digit of 8/(-4)*21/c?
1
Suppose -19662 = -17*x + 17483. What is the tens digit of x?
8
Let h = -62 - -56. What is the units digit of (8/h)/(36/(-2322))?
6
What is the hundreds digit of (-13)/((-52)/4480) + -1?
1
Let v(r) = -r**3 + 12*r**2 + 12*r + 13. Let w be v(13). Suppose w = -4*f + 12 - 4. What is the units digit of f?
2
Suppose 0 = 7*k - 359 - 3722. What is the units digit of k?
3
Suppose -y = -7*d + 5*d - 601, 3*d = -3*y + 1812. What is the hundreds digit of y?
6
Suppose 4647 = 3*p + 10*t - 7*t, -p = 4*t - 1534. What is the hundreds digit of p?
5
Let y be ((-16)/6)/((-6)/9). Let h = 7 - y. Let p(i) = i + 4. What is the units digit of p(h)?
7
Let b(n) = 6*n**2 + 46 + 9*n + 36 - 85. What is the units digit of b(-4)?
7
Let i(d) = -2*d**3 - 2*d**2 + 4*d - 6. What is the tens digit of i(-5)?
7
Suppose 2*u = -3*b + 18583, 560*u = 563*u - 15. What is the hundreds digit of b?
1
Suppose 0 = 10*u - 7*u + 5*a - 3457, 4*u = -5*a + 4606. What is the thousands digit of u?
1
Let o(x) = x**3 - x + 3. Suppose 0*m = m. Let y be o(m). What is the units digit of y - (0 + 4 + -8)?
7
Let x = -141 - -206. What is the units digit of x?
5
Let j(o) be the second derivative of o**5/20 - 5*o**4/4 - 7*o**3/3 - 21*o**2/2 + 10*o. What is the units digit of j(16)?
1
Let r = 46 - -62. Let w be (r/(-16))/(3/(-16)). Let m = 57 - w. What is the tens digit of m?
2
Suppose 2*i + 7*v - 5754 = 2*v, 4*i + 3*v - 11522 = 0. What is the thousands digit of i?
2
Let p = 48 - 44. Suppose -670 = -4*y - 2*h, 3*y + p*h - 442 = 58. What is the tens digit of y?
6
Let q(p) = p**3 + 15*p**2 + 22*p + 12. What is the hundreds digit of q(-9)?
3
Let p(t) = t**3 - t**2 - 7. Let k be p(0). Let j(s) = -s**3 + 0*s**3 - 12*s - 8*s**2 - 7 - 3 - 1. What is the units digit of j(k)?
4
Suppose -4*g = 31*g - 85260. What is the hundreds digit of g?
4
Let q be (3 + (-265)/20)*-4. Suppose 18 = a - q. What is the tens digit of a?
5
Suppose 14*b + 11*b = 20925. What is the tens digit of b?
3
Suppose 5*z = -4*i + 3742, 2*z - 1729 = -5*i - 222. What is the tens digit of z?
4
What is the units digit of 0 + 4701/6 + (-21)/(-42)?
4
What is the units digit of 27/36*2*922?
3
Let m = 142 + -89. Let h = 7 + m. Let w = 95 - h. What is the units digit of w?
5
Let w(h) = 62*h**2 - h - 9. What is the tens digit of w(3)?
4
Let x be (-26)/3 - (-1)/(-3). Let q = x + 12. Suppose -2*o = -4*j - 10, q = 5*o - 5*j - 22. What is the units digit of o?
5
Let z(l) = 137*l**2 + 94*l - 2. What is the thousands digit of z(5)?
3
Suppose 5*m - y - 886 - 982 = 0, -2*m + 3*y + 755 = 0. What is the tens digit of m?
7
Let h = 367 + -93. What is the units digit of h?
4
Let j(w) = 5*w**2 - 21*w + 12. What is the thousands digit of j(-22)?
2
Let g = -3071 + 5718. What is the hundreds digit of g?
6
Let p(z) = 13*z - 8 - z**3 + 13 + 2*z**3 + 14*z**2. Let k be p(-13). Suppose 0 = k*c - 4 - 6. What is the units digit of c?
2
Let g = -34 + 39. What is the tens digit of g/(-2 - 9/(-4))?
2
Let d(q) = 5*q**3 - 8*q**2 + q - 5. Suppose -8*l = -5*l - 12. What is the tens digit of d(l)?
9
What is the hundreds digit of -25*(-11)/2*2?
2
Let w(o) = 3*o**3 - 9*o**2 - 9*o - 1. Let i(f) = -2*f**3 + 8*f**2 + 8*f + 2. Let b(a) = -5*i(a) - 4*w(a). What is the units digit of b(-4)?
4
Let z(c) = c**3 + 37*c**2 + 41*c + 4. What is the thousands digit of z(-17)?
5
Let k(g) = g**3 - 16*g**2 + 3*g - 12. Let y be k(16). Suppose -2*l + 92 - y = 0. What is the units digit of l?
8
Let m = -4 + 9. Suppose m*s - 183 = 3*g + 122, -4*g + 20 = 0. Let c = s - 44. What is the units digit of c?
0
Suppose 0 = 3*l - 4*s - 4485, -l + 2*s - 7*s = -1476. What is the hundreds digit of l?
4
Suppose 4*q + 64 = -4*m, 4*q + 25 = -2*m + m. Let c = m + 19. Let a = c - 5. What is the units digit of a?
1
Let g = -7 + 5. Let h be (3 + 1/2)*g. What is the units digit of (-3)/(-6)*0 - h?
7
Let a(c) = -c**3 + 4*c**2 - 3*c. Let o be a(3). Suppose o*u - 276 = -6*u. Suppose 2*l - u = l + 3*p, -171 = -3*l - 2*p. What is the tens digit of l?
5
Suppose -2*p + p = -3. Suppose 3*h + 559 = -r + 5*r, 2*r = -p*h + 257. Suppose -4*a - 12 + r = 0. What is the units digit of a?
1
Let m(g) = -2136*g + 8. What is the tens digit of m(-1)?
4
Suppose -47*f + 49*f - 1440 = 0. What is the hundreds digit of f?
7
Let p = -111 -